emainder when 94 is divided by 37.
20
What is the remainder when 971 is divided by 54?
53
What is the remainder when 2293 is divided by 74?
73
What is the remainder when 2034 is divided by 255?
249
Calculate the remainder when 14214 is divided by 21.
18
What is the remainder when 2260 is divided by 101?
38
What is the remainder when 1267 is divided by 35?
7
What is the remainder when 372 is divided by 34?
32
Calculate the remainder when 127 is divided by 7.
1
Calculate the remainder when 925 is divided by 29.
26
Calculate the remainder when 2101 is divided by 49.
43
What is the remainder when 5798 is divided by 828?
2
Calculate the remainder when 30 is divided by 14.
2
What is the remainder when 1976 is divided by 650?
26
What is the remainder when 99 is divided by 20?
19
What is the remainder when 1103 is divided by 16?
15
Calculate the remainder when 71 is divided by 13.
6
Calculate the remainder when 29 is divided by 20.
9
What is the remainder when 683 is divided by 14?
11
What is the remainder when 831 is divided by 811?
20
Calculate the remainder when 47 is divided by 16.
15
What is the remainder when 218 is divided by 14?
8
Calculate the remainder when 44 is divided by 4.
0
What is the remainder when 209 is divided by 28?
13
Calculate the remainder when 218 is divided by 37.
33
Calculate the remainder when 221 is divided by 64.
29
What is the remainder when 493 is divided by 16?
13
What is the remainder when 292 is divided by 228?
64
What is the remainder when 229 is divided by 12?
1
Calculate the remainder when 8769 is divided by 43.
40
What is the remainder when 808 is divided by 27?
25
What is the remainder when 209 is divided by 73?
63
What is the remainder when 383 is divided by 50?
33
Calculate the remainder when 4528 is divided by 6.
4
Calculate the remainder when 282 is divided by 70.
2
What is the remainder when 142 is divided by 16?
14
What is the remainder when 337 is divided by 101?
34
Calculate the remainder when 209 is divided by 31.
23
Calculate the remainder when 190 is divided by 35.
15
Calculate the remainder when 943 is divided by 85.
8
What is the remainder when 347 is divided by 314?
33
Calculate the remainder when 9253 is divided by 63.
55
What is the remainder when 925 is divided by 49?
43
What is the remainder when 1102 is divided by 352?
46
Calculate the remainder when 1079 is divided by 63.
8
Calculate the remainder when 179 is divided by 45.
44
What is the remainder when 141 is divided by 48?
45
What is the remainder when 262 is divided by 74?
40
Calculate the remainder when 99 is divided by 94.
5
What is the remainder when 140 is divided by 48?
44
Calculate the remainder when 825 is divided by 12.
9
What is the remainder when 539 is divided by 9?
8
What is the remainder when 245 is divided by 173?
72
Calculate the remainder when 78 is divided by 32.
14
Calculate the remainder when 598 is divided by 3.
1
Calculate the remainder when 60 is divided by 36.
24
What is the remainder when 987 is divided by 16?
11
Calculate the remainder when 81 is divided by 41.
40
What is the remainder when 2144 is divided by 5?
4
Calculate the remainder when 851 is divided by 142.
141
Calculate the remainder when 141 is divided by 9.
6
What is the remainder when 287 is divided by 67?
19
What is the remainder when 4849 is divided by 49?
47
What is the remainder when 2602 is divided by 420?
82
What is the remainder when 97 is divided by 17?
12
What is the remainder when 804 is divided by 31?
29
Calculate the remainder when 3956 is divided by 99.
95
What is the remainder when 1543 is divided by 192?
7
Calculate the remainder when 3093 is divided by 8.
5
What is the remainder when 92 is divided by 24?
20
What is the remainder when 941 is divided by 139?
107
Calculate the remainder when 9246 is divided by 16.
14
What is the remainder when 17675 is divided by 104?
99
What is the remainder when 385 is divided by 97?
94
What is the remainder when 799 is divided by 16?
15
Calculate the remainder when 2901 is divided by 44.
41
What is the remainder when 118 is divided by 12?
10
Calculate the remainder when 138 is divided by 112.
26
Calculate the remainder when 288 is divided by 10.
8
Calculate the remainder when 325 is divided by 83.
76
What is the remainder when 607 is divided by 10?
7
Calculate the remainder when 169 is divided by 10.
9
Calculate the remainder when 7969 is divided by 10.
9
What is the remainder when 436 is divided by 222?
214
Calculate the remainder when 6104 is divided by 71.
69
What is the remainder when 657 is divided by 219?
0
What is the remainder when 316 is divided by 42?
22
Calculate the remainder when 1315 is divided by 30.
25
What is the remainder when 269 is divided by 16?
13
Calculate the remainder when 407 is divided by 24.
23
What is the remainder when 3 is divided by 3?
0
What is the remainder when 1336 is divided by 57?
25
What is the remainder when 1410 is divided by 12?
6
Calculate the remainder when 884 is divided by 864.
20
Calculate the remainder when 39 is divided by 6.
3
Calculate the remainder when 245 is divided by 62.
59
What is the remainder when 2468 is divided by 130?
128
What is the remainder when 16676 is divided by 5558?
2
What is the remainder when 1666 is divided by 39?
28
Calculate the remainder when 36 is divided by 2.
0
What is the remainder when 373 is divided by 163?
47
Calculate the remainder when 320 is divided by 320.
0
Calculate the remainder when 2775 is divided by 922.
9
Calculate the remainder when 1560 is divided by 229.
186
Calculate the remainder when 105 is divided by 28.
21
Calculate the remainder when 222 is divided by 82.
58
Calculate the remainder when 596 is divided by 47.
32
What is the remainder when 719 is divided by 72?
71
Calculate the remainder when 986 is divided by 7.
6
What is the remainder when 451 is divided by 73?
13
Calculate the remainder when 781 is divided by 7.
4
What is the remainder when 799 is divided by 100?
99
What is the remainder when 5872 is divided by 125?
122
What is the remainder when 26 is divided by 12?
2
Calculate the remainder when 73 is divided by 16.
9
Calculate the remainder when 1454 is divided by 185.
159
Calculate the remainder when 2062 is divided by 53.
48
Calculate the remainder when 342 is divided by 84.
6
Calculate the remainder when 830 is divided by 104.
102
Calculate the remainder when 623 is divided by 98.
35
Calculate the remainder when 1867 is divided by 383.
335
What is the remainder when 40 is divided by 21?
19
Calculate the remainder when 131 is divided by 11.
10
Calculate the remainder when 528 is divided by 122.
40
What is the remainder when 251 is divided by 36?
35
What is the remainder when 1617 is divided by 17?
2
Calculate the remainder when 2884 is divided by 13.
11
Calculate the remainder when 274 is divided by 46.
44
Calculate the remainder when 177 is divided by 90.
87
Calculate the remainder when 1774 is divided by 41.
11
Calculate the remainder when 224 is divided by 128.
96
What is the remainder when 568 is divided by 26?
22
What is the remainder when 1137 is divided by 57?
54
Calculate the remainder when 214 is divided by 18.
16
What is the remainder when 95 is divided by 94?
1
Calculate the remainder when 5558 is divided by 17.
16
Calculate the remainder when 494 is divided by 99.
98
Calculate the remainder when 50 is divided by 24.
2
Calculate the remainder when 364 is divided by 126.
112
Calculate the remainder when 467 is divided by 171.
125
Calculate the remainder when 1581 is divided by 88.
85
What is the remainder when 596 is divided by 169?
89
Calculate the remainder when 1571 is divided by 45.
41
What is the remainder when 110 is divided by 92?
18
Calculate the remainder when 780 is divided by 88.
76
What is the remainder when 28 is divided by 18?
10
What is the remainder when 97 is divided by 90?
7
Calculate the remainder when 25 is divided by 16.
9
Calculate the remainder when 248 is divided by 79.
11
Calculate the remainder when 23 is divided by 16.
7
What is the remainder when 30496 is divided by 17?
15
Calculate the remainder when 178 is divided by 62.
54
Calculate the remainder when 3469 is divided by 106.
77
Calculate the remainder when 726 is divided by 28.
26
What is the remainder